{"id":27,"date":"2026-03-09T19:13:14","date_gmt":"2026-03-09T19:13:14","guid":{"rendered":"https:\/\/konectapublicidad.com\/?page_id=27"},"modified":"2026-03-12T19:42:56","modified_gmt":"2026-03-12T19:42:56","slug":"inicio","status":"publish","type":"page","link":"https:\/\/konectapublicidad.com\/","title":{"rendered":"Konecta Publicidad"},"content":{"rendered":"\n<p><\/p>\n\n\n\n<p>Desarrollamos materiales editoriales y publicitarios dise\u00f1ados para comunicar con claridad, fortalecer la identidad de cada proyecto y generar una presentaci\u00f3n profesional en eventos, congresos y campa\u00f1as institucionales.<\/p>\n\n\n\n<p>Ofrecemos soluciones integrales de dise\u00f1o editorial, desarrollo gr\u00e1fico y producci\u00f3n de materiales impresos, adaptadas a las necesidades de empresas, organizaciones y comit\u00e9s organizadores de congresos.<\/p>\n\n\n\n<p>Nuestro enfoque combina dise\u00f1o estrat\u00e9gico, est\u00e9tica editorial y funcionalidad, para asegurar piezas visuales claras, atractivas y alineadas con la identidad de cada cliente.<\/p>\n","protected":false},"excerpt":{"rendered":"<p>Desarrollamos materiales editoriales y publicitarios dise\u00f1ados para comunicar con claridad, fortalecer la identidad de cada proyecto y generar una presentaci\u00f3n profesional en eventos, congresos y campa\u00f1as institucionales. Ofrecemos soluciones integrales de dise\u00f1o editorial, desarrollo gr\u00e1fico y producci\u00f3n de materiales impresos, adaptadas a las necesidades de empresas, organizaciones y comit\u00e9s organizadores de congresos. Nuestro enfoque combina &hellip; <\/p>\n<p class=\"link-more\"><a href=\"https:\/\/konectapublicidad.com\/\" class=\"more-link\">Continuar leyendo<span class=\"screen-reader-text\"> \u00abKonecta Publicidad\u00bb<\/span><\/a><\/p>\n","protected":false},"author":1,"featured_media":0,"parent":0,"menu_order":0,"comment_status":"closed","ping_status":"closed","template":"","meta":{"footnotes":""},"class_list":["post-27","page","type-page","status-publish","hentry"],"_links":{"self":[{"href":"https:\/\/konectapublicidad.com\/index.php\/wp-json\/wp\/v2\/pages\/27","targetHints":{"allow":["GET"]}}],"collection":[{"href":"https:\/\/konectapublicidad.com\/index.php\/wp-json\/wp\/v2\/pages"}],"about":[{"href":"https:\/\/konectapublicidad.com\/index.php\/wp-json\/wp\/v2\/types\/page"}],"author":[{"embeddable":true,"href":"https:\/\/konectapublicidad.com\/index.php\/wp-json\/wp\/v2\/users\/1"}],"replies":[{"embeddable":true,"href":"https:\/\/konectapublicidad.com\/index.php\/wp-json\/wp\/v2\/comments?post=27"}],"version-history":[{"count":4,"href":"https:\/\/konectapublicidad.com\/index.php\/wp-json\/wp\/v2\/pages\/27\/revisions"}],"predecessor-version":[{"id":79,"href":"https:\/\/konectapublicidad.com\/index.php\/wp-json\/wp\/v2\/pages\/27\/revisions\/79"}],"wp:attachment":[{"href":"https:\/\/konectapublicidad.com\/index.php\/wp-json\/wp\/v2\/media?parent=27"}],"curies":[{"name":"wp","href":"https:\/\/api.w.org\/{rel}","templated":true}]}}